omposite?
True
Is 14879649009 a prime number?
False
Is 334981786903 a composite number?
False
Is 1356962203 a prime number?
True
Is 8394338663 a prime number?
True
Is 217743190939 composite?
False
Is 1310232827 a prime number?
False
Is 80561321 a prime number?
False
Is 8437132999 composite?
True
Is 49977150815 composite?
True
Is 2677488733 a composite number?
True
Is 29926261 a prime number?
True
Is 10272859595 prime?
False
Is 11271258785 a composite number?
True
Is 10498949969 prime?
True
Is 145158165007 composite?
False
Is 11321531281 prime?
True
Is 26350038863 a composite number?
True
Is 9299502067 a prime number?
True
Is 137823488237 a composite number?
False
Is 4500542441 composite?
False
Is 2296147549 composite?
True
Is 730969687 composite?
True
Is 68902434359 a composite number?
True
Is 653779499 composite?
False
Is 954932617 composite?
True
Is 14954328143 a composite number?
False
Is 4168002491 prime?
True
Is 8149273361 prime?
False
Is 22300205393 prime?
False
Is 26759082043 a composite number?
True
Is 1620626783 a composite number?
False
Is 300250723 a prime number?
False
Is 324655291 a composite number?
True
Is 23708980171 composite?
False
Is 1954866239 composite?
True
Is 424059989 a composite number?
False
Is 8539323119 a prime number?
True
Is 60681525847 a prime number?
False
Is 4358375033 a prime number?
False
Is 1042073777 prime?
True
Is 7190672623 prime?
False
Is 204729346 prime?
False
Is 3776320627 a prime number?
True
Is 665391767 composite?
False
Is 2046187469 composite?
False
Is 64706319161 a composite number?
True
Is 869602543 a prime number?
True
Is 1770263641 composite?
False
Is 8996737642 composite?
True
Is 2364603919 prime?
True
Is 103030671166 a prime number?
False
Is 9907719463 composite?
True
Is 12916362097 composite?
False
Is 5049283439 a composite number?
False
Is 11679928399 prime?
True
Is 89004169 a composite number?
False
Is 2020039015 prime?
False
Is 6099476893 prime?
True
Is 3227646827 a composite number?
True
Is 126423174827 prime?
False
Is 123123761 composite?
True
Is 63942663 prime?
False
Is 17242274051 a prime number?
True
Is 12031928113 a prime number?
True
Is 660636007 a prime number?
True
Is 22869839623 composite?
True
Is 1186438089 a composite number?
True
Is 512728954 prime?
False
Is 786363029 a composite number?
True
Is 3084631241 prime?
False
Is 3002722913 prime?
True
Is 413622929 a composite number?
False
Is 8847220303 a composite number?
False
Is 45682475413 composite?
False
Is 9253167853 a composite number?
True
Is 5466410249 composite?
True
Is 457037806 a composite number?
True
Is 3130928149 composite?
True
Is 12181852493 a prime number?
False
Is 2022414101 prime?
False
Is 429365827 prime?
False
Is 12831421693 a composite number?
True
Is 14508919 a prime number?
True
Is 3509910637 a composite number?
True
Is 2566421617 a prime number?
True
Is 1196329193 a composite number?
False
Is 124772393 a composite number?
True
Is 4334101727 a prime number?
True
Is 51230775247 prime?
True
Is 472160593 composite?
False
Is 221881151 a prime number?
False
Is 58798060445 a composite number?
True
Is 252231503 composite?
False
Is 3640221911 a prime number?
False
Is 4981853617 a composite number?
True
Is 15511224931 prime?
True
Is 769622647 a prime number?
False
Is 22790806 composite?
True
Is 21869921587 prime?
True
Is 6942824279 composite?
False
Is 56191286357 a composite number?
False
Is 29502730823 composite?
False
Is 53743961671 prime?
True
Is 10563159833 prime?
False
Is 6856121081 a composite number?
True
Is 1732919261 composite?
True
Is 4190032223 composite?
True
Is 1671621053 a prime number?
True
Is 1829165221 a prime number?
False
Is 83784743141 a prime number?
False
Is 191364882959 prime?
True
Is 103110107063 composite?
True
Is 181035480001 prime?
False
Is 153322151 composite?
False
Is 1424659 a composite number?
False
Is 3393490589 a composite number?
True
Is 13355402773 a prime number?
True
Is 317813737 prime?
False
Is 6740752757 prime?
False
Is 4158326807 composite?
True
Is 949094183 a composite number?
True
Is 11285542117 composite?
False
Is 18763637 a composite number?
False
Is 62545145645 a prime number?
False
Is 640079278439 a prime number?
True
Is 119353057 composite?
False
Is 23611939607 a prime number?
False
Is 6482610067 a prime number?
True
Is 61113539 prime?
True
Is 8995583333 a prime number?
False
Is 33218498059 a composite number?
False
Is 4168778837 composite?
False
Is 36070799311 a prime number?
True
Is 873012353 prime?
True
Is 107878008661 a prime number?
True
Is 19993121719 prime?
True
Is 5455806773 composite?
False
Is 1847921423 composite?
False
Is 3530479123 composite?
False
Is 88086611 a prime number?
True
Is 161856661 prime?
False
Is 5502319835 a prime number?
False
Is 16688469869 composite?
True
Is 5909659237 a composite number?
True
Is 86339177749 prime?
False
Is 8571945013 prime?
False
Is 1448126233 a composite number?
True
Is 2010184453 a composite number?
True
Is 8224391717 a composite number?
False
Is 18820655869 composite?
False
Is 192600943 prime?
True
Is 6863030359 a composite number?
True
Is 65005096593 prime?
False
Is 9881411357 prime?
True
Is 8401147427 prime?
True
Is 101360157 a prime number?
False
Is 548851319 prime?
True
Is 403553063 composite?
False
Is 61630448353 a prime number?
False
Is 32733803107 a prime number?
True
Is 231058427 composite?
False
Is 2219287261 a composite number?
False
Is 4655425237 composite?
True
Is 609418582 a prime number?
False
Is 17267076371 composite?
False
Is 27480256081 composite?
True
Is 113233553 composite?
False
Is 10195003519 prime?
True
Is 2390976127 a composite number?
False
Is 130864430902 prime?
False
Is 4730756369 prime?
False
Is 5501519 a prime number?
True
Is 2639924501 a composite number?
False
Is 8506491583 prime?
False
Is 2892529229 prime?
False
Is 404143149 prime?
False
Is 16182367385 a prime number?
False
Is 45064917049 prime?
True
Is 677540741 a prime number?
False
Is 393038839 a composite number?
True
Is 26710143599 prime?
True
Is 58599896851 prime?
True
Is 697714519 composite?
True
Is 29937885011 composite?
False
Is 44721580469 composite?
False
Is 48872428147 a composite number?
True
Is 11185366783 prime?
True
Is 1916501915 composite?
True
Is 9938030881 prime?
True
Is 1628034673 a prime number?
False
Is 5332358467 prime?
True
Is 44261521511 prime?
False
Is 1055945953 a prime number?
True
Is 110475913 composite?
False
Is 23060929309 a prime number?
False
Is 223086492611 a prime number?
True
Is 22025005823 prime?
True
Is 749874701 prime?
True
Is 342098641 a composite number?
False
Is 347998237 a prime number?
False
Is 237664339 a prime number?
False
Is 34441268587 a prime number?
False
Is 725341973 a prime number?
True
Is 77180501 composite?
True
Is 15162244049 a prime number?
True
Is 1736600911 composite?
False
Is 10261677541 a composite number?
True
Is 13712499343 a composite number?
True
Is 11985037951 a composite number?
True
Is 222537563777 a composite number?
True
Is 15227314829 a prime number?
False
Is 6134547259 composite?
True
Is 2333235461 prime?
True
Is 482686889 composite?
True
Is 8397691567 prime?
True
Is 1339784641 prime?
False
Is 26728868653 prime?
False
Is 397750873 a composite number?
True
Is 621351331 prime?
True
Is 5738422139 prime?
True
Is 5489970961 a prime number?
False
Is 1096446881 a composite number?
True
Is 1147943021 a composite number?
False
Is 6052900873 a prime number?
False
Is 1385183113 prime?
True
Is 2366806229 composite?
True
Is 1121201241 composite?
True
Is 1860737638 composite?
True
Is 1909147501 composite?
True
Is 64697880515 a prime number?
False
Is 8266176357 prime?
False
Is 639776559 a prime number?
False
Is 4056818413 a prime number?
True
Is 86785788589 a composite number?
True
Is 20017698863 composite?
True
Is 7865769389 composite?
True
Is 198508571 composite?
False
Is 4818610987 prime?
False
Is 145681330229 a composite number?
True
Is 7896294373 prime?
False
Is 3443614397 composite?
True
Is 15300333133 prime?
True
Is 4989604127 a composite number?
False
Is 240067511 composite?
False
Is 24775512607 a composite number?
True
Is 5247633599 a composite number?
True
Is 1896686411 a composite number?
True
Is 168264427 a composite number?
True
Is 49105755791 a prime number?
True
Is